= 1038 + 648. Suppose -2*q - 552 + m = 0. What is the tens digit of q?
6
Let c(v) = 4*v**2 - 6*v + 27. Suppose 6*q - 36 = -2*t + 2*q, -3*q - 9 = -3*t. What is the hundreds digit of c(t)?
2
Let z be (213/(-15) - -2) + 2/10. Let m be (-70)/z - 1*(-6)/36. What is the hundreds digit of (50/8)/(m/96)?
1
Suppose 2*f - 15 = -x, -10*x - 3*f + 36 = -7*x. Suppose x*c = 256 - 31. What is the units digit of c?
5
Suppose -3*h + 6 = 0, -196*h = -3*z - 191*h + 40400. What is the ten thousands digit of z?
1
What is the units digit of (-26)/(-13) - (2 + -14492)?
2
Let g(d) = -d**2 + 27*d - 140. Let b be g(20). Suppose b = -r - 4*w + 542, -r - 4*w = -4*r + 1546. What is the tens digit of r?
2
Let w be -6 + (15 - 21/7). Suppose -770 = -11*n + w*n. What is the tens digit of n?
5
Suppose 4*g + 3*m - 5421 = 1988, 5*m + 5535 = 3*g. Let v = -1221 + g. What is the hundreds digit of v?
6
Suppose -6*c + 0*c + 83545 + 19499 = 0. What is the tens digit of c?
7
Let b be 1 + ((-10)/5 - 0) + 4. Let a = -143 - -303. Suppose -5*m + a = 5*y, b*m + 2*y - 5*y - 102 = 0. What is the units digit of m?
3
Let f = 9 - -8. Let p(w) = f*w - 13*w + 19*w + 2 + 24*w. What is the units digit of p(1)?
9
Let t(m) = -11*m - 17. Let v be t(-7). Let p be 8/((-1)/v*-3). Suppose 0*k + 2*k - p = 0. What is the tens digit of k?
8
Let z(n) = -3543*n + 5441. What is the ten thousands digit of z(-12)?
4
Suppose 8*l = 15*l + 30267 - 88899. What is the tens digit of l?
7
Suppose -8*n + 9*n = 2. Suppose 4*c = 3*c - n*y + 40, -28 = -c - 5*y. What is the tens digit of c?
4
Let g(h) be the third derivative of 13*h**4/4 - h**3 - h**2. Suppose q - 5*q - 16 = -5*t, 12 = 3*t. What is the tens digit of g(q)?
7
Let r = 1208 + -651. Suppose 2*f + 4*u = 210, -10*f + r = -5*f + 2*u. What is the hundreds digit of f?
1
Let q = 26990 + -7819. What is the thousands digit of q?
9
Let y(b) = -4*b**3 - 53*b**2 + 18*b + 28. What is the units digit of y(-15)?
3
Let x(w) = 136*w**2 - 89*w + 1504. What is the thousands digit of x(20)?
4
Suppose 0 = -2*v - 34 + 42. Let w(z) = 33*z - 13. What is the tens digit of w(v)?
1
Let v(m) be the first derivative of m**4/4 + 13*m**3 + 23*m**2/2 + 67*m - 45. What is the tens digit of v(-38)?
3
Let l(v) = -v**3 + 83*v**2 + 5*v - 79. What is the units digit of l(25)?
6
What is the units digit of 3 + 2/17 + (-13494400)/(-544)?
9
What is the tens digit of (-1 - (-290857)/(-7))*(10/(-4))/5?
7
Suppose 0*k - 4*k = 20, -p = -2*k - 56. Let a = p + -120. Let g = 22 - a. What is the tens digit of g?
9
Suppose 8*s - 3*g = 128152, 125*s + 80142 = 130*s + 4*g. What is the thousands digit of s?
6
Let k(i) = -i**3 + 22*i**2 - 11*i + 37. Let y be k(22). Let x = -123 - y. Suppose 139 = x*n - 81*n. What is the hundreds digit of n?
1
Let f be ((-200)/(-15) - -11)*(0 - -3). Suppose 77*r - 2008 = f*r. What is the units digit of r?
2
Let l = -86 + 76. What is the tens digit of (202/l)/((-4)/20)?
0
Let g(j) = 8059*j - 3617. What is the ten thousands digit of g(8)?
6
Let v(j) be the first derivative of -5*j**2/2 - j + 14. Let r be v(-11). Let k = r - 28. What is the units digit of k?
6
Let i = 2210 + -11151. What is the tens digit of -4 - i/8 - 6/(-16)?
1
Let k(s) be the first derivative of 4*s**5/15 + 7*s**4/24 - 37*s**2/2 - 32. Let n(v) be the second derivative of k(v). What is the tens digit of n(3)?
6
Let h(i) = 3*i**2 + 6*i - 8. Let z be h(-4). Suppose 2*f + 4*w = z, 4*f = 6*f - 5*w + 2. What is the units digit of ((-453)/f)/(54/(-144))?
2
Let f be (-15)/(-6)*-1*2. Let g(q) be the first derivative of q**4/4 + 7*q**3/3 - 5*q + 88. What is the units digit of g(f)?
5
Let h be 3 + (-5)/(-5) + -73. Let l = h - -69. Suppose 2*y - 64 = -2*b, l*b + 4*y = -3*b + 95. What is the tens digit of b?
3
Let s be (-12)/1*14/(-2). Let f be (-3618)/(-67)*(-2)/4. Let i = s + f. What is the tens digit of i?
5
Let a(t) = 1171*t - 271. What is the tens digit of a(1)?
0
Let a be (-16)/(-20) + ((-8)/20)/(-2). What is the units digit of (4/(-1) + 71)*a?
7
Suppose 0 = -3*h + 5*s + 34885, -5*h = s - 82513 + 24390. What is the units digit of h?
5
Suppose -2*w - 4 = -5*h, 3*w + 2*h - 21 = -8. Suppose -4*s + 4*t = -123 - 481, w*t = 2*s - 301. Let d = s - 89. What is the tens digit of d?
6
Suppose -5*f - 4*y = -71 - 45, 4*f - 72 = 2*y. Suppose 8069 = 5*l - 5*d + 1894, f = -4*d. What is the thousands digit of l?
1
Suppose 16*f = 21*f - 170. Suppose -3*m = f + 29. Let u = 86 + m. What is the tens digit of u?
6
Suppose -4*a - 156456 = -4*f, 560*f = 558*f + 3*a + 78229. What is the thousands digit of f?
9
Let v(h) = 295*h - 320. What is the units digit of v(5)?
5
Let r = 24 + 31. Let a = 58 - r. Suppose -2*q = 3*i - 214 + 16, a*q - i - 319 = 0. What is the units digit of q?
5
Let d(s) = s**2 - 5*s - 12. Let m be d(-2). What is the units digit of (-27566)/(-198) + m/(-9)?
9
Let o(v) = -5*v + 84. Let w be o(16). Suppose -5*q - w*q + 1314 = 0. What is the hundreds digit of q?
1
Suppose -165 = 12*n - 681. Suppose 3*m + 8 = -3*v - m, 0 = -5*v + 5*m + 45. Suppose -3*r = -v*x - 236, -2*r + 117 = -2*x - n. What is the units digit of r?
4
Let k(h) = 2*h**3 + 14*h**2 + 13*h + 2. Let j be k(-6). Let x(f) = 3*f**2 + f - 2. Let l be x(j). What is the units digit of (-12)/l - (23/(-7) + 1)?
2
Let j = 34 - 131. Suppose -257 = 2*i - 6*i + 5*s, -133 = -2*i + s. Let q = i - j. What is the hundreds digit of q?
1
Let a be ((-21)/28)/(1/(-4)). Suppose 0 = -3*r - a*t + 828, 2*r - 9*t - 546 = -8*t. What is the tens digit of r?
7
Suppose 515825 = 77*f + 221688 - 259493. What is the thousands digit of f?
7
Let c = -116363 + 176539. What is the ten thousands digit of c?
6
Let d = -10 - -12. Let z be (-6)/4*d - -10. Let w(u) = u**3 - 7*u**2 + 5. What is the units digit of w(z)?
5
Suppose 0 = -3*x - 3, 5*d - 3*x + 12 = -0*d. Let r be 1*d/15 - 2766/(-30). Suppose -5*c = -133 - r. What is the tens digit of c?
4
Suppose -5*i + 340 - 6734 = 2*o, -3*i = -5*o + 3824. Let f = -523 - i. What is the hundreds digit of f?
7
Suppose 0 = -80*v + 150*v - 2251013 + 172993. What is the ten thousands digit of v?
2
Let s(k) = -k**2 - 10*k - 16. Let p be s(-12). Let m(l) = l**2 + 39*l - 3. What is the tens digit of m(p)?
3
Suppose 508577 = 49*z + 37*z - 222509. What is the thousands digit of z?
8
Let f = -204 + 358. Let d = 232 - f. Suppose -2*b - d = -8*b. What is the tens digit of b?
1
Suppose l + 15 = 4*y, -4*l + y - 21 = 54. Let d(z) = 3*z**2 - 9*z - 16. What is the tens digit of d(l)?
3
Let k be 0 + 0 + -157 - (13 - 16). Let f be (k/33)/(2/3). What is the units digit of (-5760)/(-70) + 2/f?
2
Suppose 4*x + 39681 - 149777 = -2*a, 0 = a + 3*x - 55041. What is the tens digit of a?
6
Let x be (-282)/(-1)*36/(-2 - -1). What is the units digit of (x/(-90))/(4/10)?
2
Let q = -6859 + 10196. What is the units digit of q?
7
Suppose -8*d + 30014 = -3*d + 4*x, -5*x - 18038 = -3*d. What is the thousands digit of d?
6
Suppose 54*i - 32 = 50*i. Suppose -3*k + 11*g = i*g - 702, 2*k - 3*g - 465 = 0. Suppose 5*v - 1092 + k = 0. What is the tens digit of v?
7
Suppose 35349 = 3*l + p, 19*l - 21*l - 2*p + 23562 = 0. What is the units digit of l?
4
Let x = 119487 + -80448. What is the hundreds digit of x?
0
Let n = 383 + -7. Suppose -366*p = -n*p + 8630. What is the units digit of p?
3
Suppose -17*s + 3581 + 7894 = 0. What is the hundreds digit of (-3)/6 + -3 + s/2?
3
Let y = 161 + -157. Suppose 0*u + r - 1702 = -y*u, -3*u + 4*r = -1267. What is the units digit of u?
5
Suppose 35*m + 6729 = 5*s + 32*m, -s = m - 1341. What is the thousands digit of s?
1
Let n be ((-1 + 9)/1)/2. Suppose n*m + a - 6*a - 763 = 0, 3*m - a - 564 = 0. Suppose -18*z - m = -19*z. What is the hundreds digit of z?
1
Let a = 50160 + -32997. What is the thousands digit of a?
7
Let h be (-1*49)/(7/(-7)). Suppose -17 = -2*l + h. Suppose 5*n = 12 + l. What is the units digit of n?
9
What is the ten thousands digit of 9/(-3) - -2 - (-37 + 13)*822?
1
Let y be (-3 - -237)/(-3 - (-21)/6). Let j = 1297 - y. What is the units digit of j?
9
Let k(z) be the second derivative of 65*z**3/2 - 28*z**2 - z. What is the units digit of k(4)?
4
Let q(f) = -750*f**3 + 4*f**2 - 110*f - 516. What is the hundreds digit of q(-4)?
9
Let l = 16 + -18. Let b be (-435)/(-5) + 2/l. Suppose -509 = -7*h + b. What is the units digit of h?
5
Suppose 32 = 8*v - 8. S